{"id":680,"date":"2020-01-08T17:14:38","date_gmt":"2020-01-08T16:14:38","guid":{"rendered":"http:\/\/renaissance-transmedia-lab.fr\/rtl4\/?page_id=680"},"modified":"2021-11-17T11:52:00","modified_gmt":"2021-11-17T10:52:00","slug":"revismartin","status":"publish","type":"page","link":"https:\/\/renaissance-transmedia-lab.fr\/rtl4\/revismartin\/","title":{"rendered":"ReViSMartin"},"content":{"rendered":"","protected":false},"excerpt":{"rendered":"","protected":false},"author":1,"featured_media":0,"parent":0,"menu_order":0,"comment_status":"closed","ping_status":"closed","template":"slider.php","meta":[],"acf":{"logo":{"image":"https:\/\/renaissance-transmedia-lab.fr\/rtl4\/wp-content\/uploads\/2020\/01\/logo-revis-martin.svg","slide":682},"logo_secondary":{"image":false,"url":""},"show_menu":false,"scroll_slide_mode":false,"slides":[{"slide":{"ID":682,"post_author":1,"post_date":"2020-01-08 17:20:06","post_date_gmt":"2020-01-08 16:20:06","post_content":"","post_title":"ReViSMartin \u2013 Pr\u00e9sentation","post_excerpt":"","post_status":"publish","comment_status":"open","ping_status":"open","post_password":"","post_name":"revismartin","to_ping":"","pinged":"","post_modified":"2021-11-09 11:41:28","post_modified_gmt":"2021-11-09 10:41:28","post_content_filtered":"","post_parent":0,"guid":"http:\/\/renaissance-transmedia-lab.fr\/rtl4\/?p=682","menu_order":0,"post_type":"post","post_mime_type":"","comment_count":0,"filter":"raw","title":"ReViSMartin","subtitle":"<p>Le projet ReViSMartin rel\u00e8ve un d\u00e9fi scientifique et technologique : donner \u00e0 voir l\u2019architecture et \u00e0 entendre la vie liturgique et musicale de la coll\u00e9giale Saint-Martin de Tours \u00e0 son apog\u00e9e, \u00e0 la fin du XV<sup>e<\/sup> si\u00e8cle.<\/p>\n","text":"<p>\u00c0 partir d\u2019un vaste travail de recherche interdisciplinaire, le projet a donn\u00e9 lieu \u00e0 la reconstitution 3D, scientifiquement av\u00e9r\u00e9e, de ce monument aujourd\u2019hui presque enti\u00e8rement disparu, ainsi qu\u2019\u00e0 une restitution num\u00e9rique de son ameublement et du quartier environnant. Il a \u00e9galement permis de redonner vie \u00e0 l\u2019\u00e9difice en donnant \u00e0 entendre un enregistrement des pi\u00e8ces musicales autrefois chant\u00e9es dans ce lieu, compos\u00e9es par Jean de Okeghem (1420-1497), illustre compositeur franco-flamand, ma\u00eetre de chapelle du roi et principal dignitaire de la coll\u00e9giale Saint-Martin \u00e0 la fin du\u00a0XV<sup>e<\/sup>\u00a0si\u00e8cle.<\/p>\n<p>Pour d\u00e9couvrir l\u2019histoire de ce monument embl\u00e9matique de la ville de Tours, explorez les diff\u00e9rentes productions num\u00e9riques r\u00e9alis\u00e9es sous la conduite des musicologues du Centre d\u2019\u00e9tudes sup\u00e9rieures de la Renaissance\u00a0:<\/p>\n<p><strong>Okeghem 5.0 :<\/strong> Plongez au c\u0153ur de la coll\u00e9giale Saint-Martin avec ce film d\u2019animation 3D proposant une reconstitution du monument en 1480<\/p>\n<p><strong>Coll\u00e9giale Saint-Martin de Tours : histoire d\u2019une renaissance virtuelle<\/strong>\u00a0: D\u00e9couvrez la gen\u00e8se de\u00a0ce\u00a0projet de recherche ambitieux au travers de son making-of<\/p>\n<p><strong>La coll\u00e9giale Saint-Martin au c\u0153ur du quartier des Halles : <\/strong>Visualisez la coll\u00e9giale Saint-Martin telle\u00a0qu\u2019elle \u00e9tait au XV<sup>e<\/sup> si\u00e8cle, replac\u00e9e dans la ville de Tours actuelle<\/p>\n<p><strong>Histoire de Saint-Martin :<\/strong> Parcourez la vie de Jean de Okeghem et l\u2019histoire de la coll\u00e9giale gr\u00e2ce \u00e0\u00a0une chronologie interactive<\/p>\n","tags":[{"tag":"reconstitution 3D"},{"tag":"immersion sonore et visuelle"}],"style":"1col","color":"","back_btn":[{"acf_fc_layout":"page","page":"https:\/\/renaissance-transmedia-lab.fr\/rtl4\/"}],"links":[{"acf_fc_layout":"page","title":"Okeghem 5.0","subtitle":"Le film","page":"https:\/\/renaissance-transmedia-lab.fr\/rtl4\/revismartin\/web-doc-okeghem-5-0\/","cover":"https:\/\/renaissance-transmedia-lab.fr\/rtl4\/wp-content\/uploads\/2020\/01\/vignette-okeghem-5-0.png"},{"acf_fc_layout":"video_popup","ut_video_url":"https:\/\/utmedia.univ-tours.fr\/downloads\/file\/v1261be9d31d27ay19f9\/?url=media_720_CoZBX04qEf.mp4","title":"Making-of","subtitle":"","cover":"https:\/\/renaissance-transmedia-lab.fr\/rtl4\/wp-content\/uploads\/2020\/01\/Vignette-making-of.jpg"},{"acf_fc_layout":"url","title":"Saint-Martin, d'hier \u00e0 aujourd'hui","subtitle":"Carte interactive","url":"https:\/\/renaissance-transmedia-lab.fr\/revismartin\/carte-interactive\/","cover":"https:\/\/renaissance-transmedia-lab.fr\/rtl4\/wp-content\/uploads\/2020\/01\/revismartin-hier.png"},{"acf_fc_layout":"page","title":"Histoire de Saint-Martin","subtitle":"Chronologie interactive","page":"https:\/\/renaissance-transmedia-lab.fr\/rtl4\/histoire-de-saint-martin\/","cover":"https:\/\/renaissance-transmedia-lab.fr\/rtl4\/wp-content\/uploads\/2020\/01\/Vignette-Histoire-de-Saint-Martin3.jpg"}],"call_to_action":{"text":"","link":false},"available_soon":false,"show_footer":true,"bg_img":"https:\/\/renaissance-transmedia-lab.fr\/rtl4\/wp-content\/uploads\/2020\/01\/revismartin-fond-1.jpg","parallax_1":{"image":false,"data_desktop":{"pos_x_range":0,"pos_y_range":0,"width_range":0,"height_range":0,"max_width_range":0,"max_height_range":0},"data_mobile":{"pos_x_range":0,"pos_y_range":0,"width_range":0,"height_range":0,"max_width_range":0,"max_height_range":0}},"parallax_2":{"image":false,"data_desktop":{"pos_x_range":0,"pos_y_range":0,"width_range":0,"height_range":0,"max_width_range":0,"max_height_range":0},"data_mobile":{"pos_x_range":0,"pos_y_range":0,"width_range":0,"height_range":0,"max_width_range":0,"max_height_range":0}},"parallax_3":{"image":false,"data_desktop":{"pos_x_range":0,"pos_y_range":0,"width_range":0,"height_range":0,"max_width_range":0,"max_height_range":0},"data_mobile":{"pos_x_range":0,"pos_y_range":0,"width_range":0,"height_range":0,"max_width_range":0,"max_height_range":0}},"use_video":false,"use_spritesheet":true,"spritesheet_json":"https:\/\/renaissance-transmedia-lab.fr\/rtl4\/wp-content\/uploads\/2020\/06\/sm.json","spritesheet_img":"https:\/\/renaissance-transmedia-lab.fr\/rtl4\/wp-content\/uploads\/2020\/06\/sm.png","spritesheet_loading":"https:\/\/renaissance-transmedia-lab.fr\/rtl4\/wp-content\/uploads\/2020\/01\/collegiale0422-1.png","in_menu":false,"spritesheet_start_frame":42}}],"credits":"<h3><strong>Mentions l\u00e9gales<br \/>\n<\/strong><\/h3>\n<p>En application de la loi du 11 mars 1957 (art. 41) et du code de la propri\u00e9t\u00e9 intellectuelle du 1<sup>er<\/sup> juillet 1992, toute reproduction partielle ou totale \u00e0 usage collectif est strictement interdite sans autorisation de l\u2019Universit\u00e9 de Tours. Les logos, visuels, marques, dispositifs num\u00e9riques et contenus vid\u00e9os pr\u00e9sents sur ce site sont la propri\u00e9t\u00e9 de leur d\u00e9tenteur respectif.<\/p>\n<p>Les supports de m\u00e9diation pr\u00e9sent\u00e9s sur la page REVISMARTIN du Renaissance Transm\u00e9dia Lab sont la co-propri\u00e9t\u00e9 de l&rsquo;universit\u00e9 de Tours, du Centre National de la Recherche Scientifique (CNRS), de l&rsquo;universit\u00e9 de Bourgogne, de l\u2019universit\u00e9 d\u2019Orl\u00e9ans et de l\u2019Institut National des Sciences Appliqu\u00e9es Centre Val de Loire (INSA CVL).<\/p>\n<p><em>Les supports de m\u00e9diation REVISMARTIN ont \u00e9t\u00e9 produits dans le cadre du programme Ambition-Recherche-D\u00e9veloppement Intelligence des Patrimoines, port\u00e9 par l\u2019UMR 7323 CESR &#8211; Centre d\u2019\u00e9tudes sup\u00e9rieures de la Renaissance (Universit\u00e9 de Tours \/ CNRS \/ Minist\u00e8re de la Culture), et financ\u00e9 par la R\u00e9gion Centre-Val de Loire.<\/em><\/p>\n<h3><strong>Projet ReViSMartin<\/strong><\/h3>\n<p><strong>Coordination scientifique<br \/>\n<\/strong>David Fiala, Ma\u00eetre de conf\u00e9rence en musicologie | Universit\u00e9 de Tours\/CESR UMR 7323<\/p>\n<p><strong>\u00c9quipe scientifique<\/strong><br \/>\nHyacinthe Belliot, Ing\u00e9nieur d\u2019\u00e9tudes en musicologie | Universit\u00e9 de Tours\/CESR UMR 7323<br \/>\nDaniel Saulnier, Ing\u00e9nieure de recherche | Universit\u00e9 de Tours\/CESR UMR 7323<br \/>\nCamilla Cavicchi, Ing\u00e9nieure d\u2019\u00e9tudes | Universit\u00e9 de Tours\/CESR UMR 7323<br \/>\nAlain Salamagne, Professeur des universit\u00e9s | Universit\u00e9 de Tours\/CESR UMR 7323<br \/>\n\u00c9lisabeth Lorans, Professeur d&rsquo;arch\u00e9ologie m\u00e9di\u00e9vale | Universit\u00e9 de Tours\/CITERES-LAT UMR 7324<br \/>\nXavier Brunetaud, Ma\u00eetre de conf\u00e9rences en g\u00e9nie civil | Universit\u00e9 d\u2019Orl\u00e9ans\/LaM\u00e9 EA 7494\/INSA CVL<br \/>\nVasco Zara, Ma\u00eetre de conf\u00e9rences en musicologie\u00a0|\u00a0Universit\u00e9 de Bourgogne\/ARTeHIS UMR 6298<br \/>\n\u00c9meline Marot, Ing\u00e9nieur de recherche | Universit\u00e9 de Tours\/CITERES-LAT UMR 7324\/CESR UMR 7323<br \/>\nRomain Janvier, Ing\u00e9nieur d\u2019\u00e9tudes en informatique | Universit\u00e9 d\u2019Orl\u00e9ans\/LaM\u00e9 EA 7494\/INSA CVL<\/p>\n<p><strong>Partenaires du projet<br \/>\n<\/strong>Le projet de recherche et de m\u00e9diation REVISMARTIN a \u00e9t\u00e9 financ\u00e9 par la R\u00e9gion Centre-Val de Loire.<br \/>\nCette op\u00e9ration est cofinanc\u00e9e par l\u2019Union europ\u00e9enne. L\u2019Europe s\u2019engage en R\u00e9gion Centre-Val de Loire avec le Fonds Europ\u00e9en de D\u00e9veloppement R\u00e9gional.<br \/>\nLe projet de recherche et de m\u00e9diation REVISMARTIN a b\u00e9n\u00e9fici\u00e9 d\u2019un partenariat avec le Mus\u00e9e Saint Martin (Ville de Tours).<\/p>\n<p><strong>Cr\u00e9dits<br \/>\n<\/strong>Les supports de m\u00e9diation ont \u00e9t\u00e9 produits avec le concours de : Ensemble Gilles Binchois, Dripmoon, Beautiful Georges.<\/p>\n<p>&nbsp;<\/p>\n<p><img loading=\"lazy\" class=\"alignnone wp-image-1779\" src=\"http:\/\/renaissance-transmedia-lab.fr\/rtl4\/wp-content\/uploads\/2020\/07\/logos-revismartin-blanc-300x46.png\" alt=\"\" width=\"835\" height=\"128\" srcset=\"https:\/\/renaissance-transmedia-lab.fr\/rtl4\/wp-content\/uploads\/2020\/07\/logos-revismartin-blanc-300x46.png 300w, https:\/\/renaissance-transmedia-lab.fr\/rtl4\/wp-content\/uploads\/2020\/07\/logos-revismartin-blanc-768x119.png 768w\" sizes=\"(max-width: 835px) 100vw, 835px\" \/><\/p>\n<p>&nbsp;<\/p>\n<h3><strong>Page vitrine du projet<\/strong><\/h3>\n<p>Visuels tir\u00e9s de la reconstitution 3D de la coll\u00e9giale Saint-Martin de Tours \u00a9REVISMARTIN<\/p>\n<h3><strong>Page pr\u00e9sentation du projet <\/strong><\/h3>\n<p>Mod\u00e8le 3D de la coll\u00e9giale Saint-Martin de Tours \u00a9REVISMARTIN<\/p>\n<h3><strong>Page Renaissance de la coll\u00e9giale<\/strong><\/h3>\n<p>Film d\u2019animation interactif \u00ab Okeghem 5.0 \u00bb \u00a9Universit\u00e9 de Tours\/CNRS\/universit\u00e9 d&rsquo;Orl\u00e9ans\/universit\u00e9 de Bourgogne<\/p>\n<p>Making-of \u00ab Coll\u00e9giale Saint-Martin de Tours, histoire d\u2019une renaissance virtuelle \u00bb \u00a9Universit\u00e9 de Tours\/CNRS\/universit\u00e9 d&rsquo;Orl\u00e9ans\/universit\u00e9 de Bourgogne<\/p>\n<h3><strong>Page Saint-Martin au c\u0153ur des Halles<\/strong><\/h3>\n<p>Mod\u00e8le 3D de la coll\u00e9giale Saint-Martin \u00a9REVISMARTIN<\/p>\n<p>La coll\u00e9giale Saint-Martin au c\u0153ur des Halles \u00a9 Google Earth<\/p>\n<p>&nbsp;<\/p>\n<p>&nbsp;<\/p>\n<p>&nbsp;<\/p>\n"},"_links":{"self":[{"href":"https:\/\/renaissance-transmedia-lab.fr\/rtl4\/wp-json\/wp\/v2\/pages\/680"}],"collection":[{"href":"https:\/\/renaissance-transmedia-lab.fr\/rtl4\/wp-json\/wp\/v2\/pages"}],"about":[{"href":"https:\/\/renaissance-transmedia-lab.fr\/rtl4\/wp-json\/wp\/v2\/types\/page"}],"author":[{"embeddable":true,"href":"https:\/\/renaissance-transmedia-lab.fr\/rtl4\/wp-json\/wp\/v2\/users\/1"}],"replies":[{"embeddable":true,"href":"https:\/\/renaissance-transmedia-lab.fr\/rtl4\/wp-json\/wp\/v2\/comments?post=680"}],"version-history":[{"count":36,"href":"https:\/\/renaissance-transmedia-lab.fr\/rtl4\/wp-json\/wp\/v2\/pages\/680\/revisions"}],"predecessor-version":[{"id":4068,"href":"https:\/\/renaissance-transmedia-lab.fr\/rtl4\/wp-json\/wp\/v2\/pages\/680\/revisions\/4068"}],"wp:attachment":[{"href":"https:\/\/renaissance-transmedia-lab.fr\/rtl4\/wp-json\/wp\/v2\/media?parent=680"}],"curies":[{"name":"wp","href":"https:\/\/api.w.org\/{rel}","templated":true}]}}