{"id":2791,"date":"2021-04-09T19:54:05","date_gmt":"2021-04-09T17:54:05","guid":{"rendered":"http:\/\/renaissance-transmedia-lab.fr\/rtl4\/?page_id=2791"},"modified":"2021-12-15T18:15:52","modified_gmt":"2021-12-15T17:15:52","slug":"mooc-la-renaissance-en-val-de-loire-villes-societes-urbaines","status":"publish","type":"page","link":"https:\/\/renaissance-transmedia-lab.fr\/rtl4\/mooc-la-renaissance-en-val-de-loire-villes-societes-urbaines\/","title":{"rendered":"10. Les villes &#038; les soci\u00e9t\u00e9s urbaines"},"content":{"rendered":"","protected":false},"excerpt":{"rendered":"","protected":false},"author":2,"featured_media":0,"parent":0,"menu_order":0,"comment_status":"closed","ping_status":"closed","template":"timeline.php","meta":[],"acf":{"title":"Les villes & les soci\u00e9t\u00e9s urbaines","logo":false,"back_btn":"https:\/\/renaissance-transmedia-lab.fr\/rtl4\/mooc-la-renaissance-en-val-de-loire-presentation\/","chapters":[{"title":"Les villes & les soci\u00e9t\u00e9s urbaines","cover":"https:\/\/renaissance-transmedia-lab.fr\/rtl4\/wp-content\/uploads\/2021\/02\/MOOC-ep10.png","start_time":0,"cue_points":[{"title":"Le r\u00e9seau urbain lig\u00e9rien","start_time":105,"image":false,"content":[{"acf_fc_layout":"image","image":"https:\/\/renaissance-transmedia-lab.fr\/rtl4\/wp-content\/uploads\/2021\/06\/1-Le-re\u0301seau-urbain-lige\u0301rien-1.png","credit":"<p style=\"font-size: 0.6rem;\">D\u2019apr\u00e8s B. Chevalier, \u00ab\u2009Les bonnes villes du Centre-Ouest au XVI<sup>e<\/sup> si\u00e8cle. Constellation ou n\u00e9buleuse\u2009?\u2009\u00bb dans <em>Les r\u00e9seaux urbains dans le centre-ouest atlantique de l\u2019Antiquit\u00e9 \u00e0 nos jours<\/em>, s. dir. J. Hiernard et Ph. Guignet, Poitiers, M\u00e9moire de la Soci\u00e9t\u00e9 des Antiquaires de l\u2019Ouest (5<sup>e<\/sup> s\u00e9rie, t. III), 1995, p. 117.<\/p>\n"},{"acf_fc_layout":"title","title":"Le r\u00e9seau urbain lig\u00e9rien"},{"acf_fc_layout":"text","text":"<p>D\u00e9couvrez le r\u00e9seau urbain lig\u00e9rien, cartographi\u00e9 d&rsquo;apr\u00e8s l&rsquo;\u00e9tat de\u00a01538.<\/p>\n"},{"acf_fc_layout":"button","text":"Acc\u00e9dez \u00e0 la carte","url":"http:\/\/renaissance-transmedia-lab.fr\/rtl4\/le-reseau-urbain-ligerien-dapres-letat-de-1538\/"}]},{"title":"Notaires et secr\u00e9taires du roi en Touraine","start_time":203,"image":false,"content":[{"acf_fc_layout":"image","image":"https:\/\/renaissance-transmedia-lab.fr\/rtl4\/wp-content\/uploads\/2021\/06\/2-Secre\u0301taires-royaux.png","credit":"<p style=\"font-size: 0.6rem;\">\u00a9 Alix de Vienne et J\u00e9r\u00f4me Salmon &#8211; Ch\u00e2teau de Villandry<\/p>\n"},{"acf_fc_layout":"title","title":"Notaires et secr\u00e9taires du roi en Touraine"},{"acf_fc_layout":"text","text":"<p>Explorez les portraits des secr\u00e9taires royaux du Val de Loire (fin\u00a0XVI<sup>e<\/sup> &#8211; d\u00e9but XVI<sup>e<\/sup> si\u00e8cle). Panneau extrait de l&rsquo;exposition \u00ab\u00a0Jean\u00a0Breton, la Renaissance \u00e0 Villandry. Les secr\u00e9taires royaux sous Fran\u00e7ois I<sup>er<\/sup>, b\u00e2tisseurs des ch\u00e2teaux de la Loire\u00a0\u00bb pr\u00e9sent\u00e9e au ch\u00e2teau de Villandry en 2019.<\/p>\n"},{"acf_fc_layout":"button","text":"D\u00e9couvrez les portraits","url":"http:\/\/renaissance-transmedia-lab.fr\/rtl4\/les-secretaires-royaux-en-val-de-loire\/"}]},{"title":"Les manuscrits Lallemant","start_time":600,"image":false,"content":[{"acf_fc_layout":"image","image":"https:\/\/renaissance-transmedia-lab.fr\/rtl4\/wp-content\/uploads\/2021\/06\/3-Manuscrit-Lallement.png","credit":"<p style=\"font-size: 0.6rem;\"><em>Consolation philosophique<\/em>, ou <em>Bo\u00e8ce Lallemant<\/em>, fol. 9r, 1498, manuscrit command\u00e9 par \u00c9tienne\u00a0Lallemant &#8211; Source gallica.bnf.fr \/ BnF<\/p>\n"},{"acf_fc_layout":"title","title":"Les manuscrits Lallemant"},{"acf_fc_layout":"text","text":"<p>Parcourez deux des manuscrits enlumin\u00e9s des Lallemant, conserv\u00e9s \u00e0 la Biblioth\u00e8que nationale de France.<\/p>\n"},{"acf_fc_layout":"button","text":"Consultez le manuscrit","url":"https:\/\/archivesetmanuscrits.bnf.fr\/ark:\/12148\/cc85312v"},{"acf_fc_layout":"button","text":"Acc\u00e9dez au manuscrit","url":"https:\/\/archivesetmanuscrits.bnf.fr\/ark:\/12148\/cc65753d"},{"acf_fc_layout":"text","text":"<p>&nbsp;<\/p>\n<p>D\u00e9couvrez les <em>Heures d&rsquo;Etienne Lallemant<\/em>, accessible en ligne sur la base Initiale du CNRS, le Catalogue de manuscrits enlumin\u00e9s.<\/p>\n"},{"acf_fc_layout":"button","text":"Parcourez le manuscrit","url":"http:\/\/initiale.irht.cnrs.fr\/codex\/13754"}]},{"title":"Les entr\u00e9es royales","start_time":773,"image":false,"content":[{"acf_fc_layout":"image","image":"https:\/\/renaissance-transmedia-lab.fr\/rtl4\/wp-content\/uploads\/2021\/06\/4-entre\u0301e_royale_f1er_1540.png","credit":"<p style=\"font-size: 0.6rem;\">Taddeo Zuccari, Entr\u00e9e solennelle de l\u2019empereur Charles Quint, Fran\u00e7ois I<sup>er<\/sup> de France et du cardinal Ales-sandro Farnese \u00e0 Paris en 1540, fresque murale r\u00e9alis\u00e9e autour de 1559, villa Farnese, Caprarola, Italie \u00a9\u00a0The\u00a0Yorck\u00a0Project<\/p>\n"},{"acf_fc_layout":"title","title":"Les entr\u00e9es royales"},{"acf_fc_layout":"text","text":"<p><em>Les entr\u00e9es solennelles de la Renaissance \u00e0 Tours (1461-1565),<\/em> par David\u00a0Rivaud.<\/p>\n"},{"acf_fc_layout":"button","text":"Consultez l'article","url":"http:\/\/renumar.univ-tours.fr\/publication\/les-entrees-solennelles-a-tours\/"},{"acf_fc_layout":"text","text":"<p>&nbsp;<\/p>\n<p><em>L&rsquo;entr\u00e9e solennelle de Fran\u00e7ois I<sup>er<\/sup> \u00e0 Tours en 1516<\/em>, par\u00a0David\u00a0Rivaud<\/p>\n"},{"acf_fc_layout":"button","text":"Consultez l'article","url":"https:\/\/rihvage.univ-tours.fr\/entree-royale-francois-ier-tours\/"}]},{"title":"Les correspondances urbaines","start_time":785,"image":false,"content":[{"acf_fc_layout":"image","image":"https:\/\/renaissance-transmedia-lab.fr\/rtl4\/wp-content\/uploads\/2021\/06\/5-La-ville-en-toutes-lettres.png","credit":"<p style=\"font-size: 0.6rem;\">\u00a9 RENUMAR<\/p>\n"},{"acf_fc_layout":"title","title":"Les correspondances urbaines"},{"acf_fc_layout":"text","text":"<p>Parcourez l&rsquo;exposition virtuelle : <em>La ville en TOUTES LETTRES<\/em> organis\u00e9e par l&rsquo;\u00e9quipe du projet APR RENUMAR &#8211; Ressources NUM\u00e9riques pour l&rsquo;\u00e9dition des Archives de la Renaissance.<\/p>\n"},{"acf_fc_layout":"button","text":"D\u00e9couvrez l'exposition","url":"http:\/\/renumar.univ-tours.fr\/actualite\/exposition-virtuelle-la-ville-en-toutes-lettres-tours-et-ses-correspondances\/"},{"acf_fc_layout":"text","text":"<p>&nbsp;<\/p>\n<p>D\u00e9couvrez la transcription de la <em>Lettre close de Fran\u00e7ois I<sup>er<\/sup> adress\u00e9e aux habitants de Tours pour les informer de la naissance de son second fils et leur demander de faire procession avec le\u00a0clerg\u00e9 pour f\u00eater la nouvelle.<\/em><\/p>\n"},{"acf_fc_layout":"button","text":"Acc\u00e9dez \u00e0 la transcription","url":"http:\/\/renumar.univ-tours.fr\/xtf\/view?docId=tei\/TIPO634134.xml;chunk.id=n1;toc.depth=1;toc.id=n1;brand=default"}]},{"title":"La ville de Bourges","start_time":1076,"image":false,"content":[{"acf_fc_layout":"image","image":"https:\/\/renaissance-transmedia-lab.fr\/rtl4\/wp-content\/uploads\/2021\/06\/6-Plan-de-Bourges-vers-1530.-D.-RIVAUD.png","credit":"<p style=\"font-size: 0.6rem;\">\u00a9 D. RIVAUD<\/p>\n"},{"acf_fc_layout":"title","title":"La ville de Bourges"},{"acf_fc_layout":"text","text":"<p>Consultez le plan de la ville de Bourges vers 1530.<\/p>\n"},{"acf_fc_layout":"button","text":"Acc\u00e9dez au plan","url":"http:\/\/renaissance-transmedia-lab.fr\/rtl4\/wp-content\/uploads\/2021\/06\/Plan-de-Bourges-vers-1530.-D.-RIVAUD.pdf"}]},{"title":"Bourges au\u00a0XVIe\u00a0si\u00e8cle","start_time":1346,"image":false,"content":[{"acf_fc_layout":"image","image":"https:\/\/renaissance-transmedia-lab.fr\/rtl4\/wp-content\/uploads\/2021\/06\/7-bourges-3d-around-you-vue-d-ensemble-xve-siecle_3391254.png","credit":"<p style=\"font-size: 0.6rem;\">\u00a9 Bourges 3D Around You<\/p>\n"},{"acf_fc_layout":"title","title":"Bourges au XVIe si\u00e8cle"},{"acf_fc_layout":"text","text":"<p>Explorez la ville de Bourges au d\u00e9but du XVI<sup>e<\/sup> si\u00e8cle gr\u00e2ce \u00e0\u00a0la\u00a0reconstitution 3D de son paysage urbain produite par Around\u00a0You.<\/p>\n"},{"acf_fc_layout":"button","text":"D\u00e9couvrez la reconstitution 3D","url":"https:\/\/www.youtube.com\/watch?v=qJ11JJiheMg"},{"acf_fc_layout":"button","text":"Parcourez les images 3D","url":"https:\/\/www.leberry.fr\/bourges-18000\/actualites\/redecouvrez-bourges-a-travers-le-temps-en-images-3d-diaporama_12543827\/"}]},{"title":"Orl\u00e9ans vers 1500","start_time":1448,"image":false,"content":[{"acf_fc_layout":"image","image":"https:\/\/renaissance-transmedia-lab.fr\/rtl4\/wp-content\/uploads\/2021\/06\/8-Plan-dOrle\u0301ans.png","credit":"<p style=\"font-size: 0.6rem;\">Ramond Rancurel, <em>Le vray portraict de la ville d\u2019Orl\u00e9ans<\/em>, 1575, gravure sur bois \u00a9\u00a0R\u00e9gion\u00a0Centre\u2011Val\u00a0de\u00a0Loire, Inventaire\u00a0g\u00e9n\u00e9ral<\/p>\n"},{"acf_fc_layout":"title","title":"Orl\u00e9ans vers 1500"},{"acf_fc_layout":"text","text":"<p>D\u00e9couvrez, <em>Le vray portraict de la ville d\u2019Orl\u00e9ans, plan\u00a0en\u00a0perspective de la ville d&rsquo;Orl\u00e9ans<\/em>, 1575, r\u00e9alis\u00e9 par Ramond\u00a0Rancurel et aujourd&rsquo;hui conserv\u00e9 au Mus\u00e9e d\u2019histoire et\u00a0d\u2019arch\u00e9ologie d\u2019Orl\u00e9ans.<\/p>\n"},{"acf_fc_layout":"button","text":"Acc\u00e9dez au plan","url":"https:\/\/patrimoine.centre-valdeloire.fr\/gertrude-diffusion\/illustration\/ivr2419764500205x\/612ff738-8132-4965-960e-f893e1d84bcf"}]},{"title":"Les manuscrits liturgiques","start_time":2053,"image":false,"content":[{"acf_fc_layout":"image","image":"https:\/\/renaissance-transmedia-lab.fr\/rtl4\/wp-content\/uploads\/2021\/06\/9-Manuscrits-liturgiques.png","credit":"<p style=\"font-size: 0.6rem;\">Tours, Biblioth\u00e8que municipale, ms. 0194, f. 007<\/p>\n"},{"acf_fc_layout":"title","title":"Les manuscrits liturgiques"},{"acf_fc_layout":"text","text":"<p>Zoom sur les manuscrits liturgiques ! D\u00e9couvrez une s\u00e9lection de\u00a0folios sur le site de la Biblioth\u00e8que virtuelle des manuscrits m\u00e9di\u00e9vaux.<\/p>\n"},{"acf_fc_layout":"button","text":"Consultez les folios","url":"https:\/\/bvmm.irht.cnrs.fr\/iiif\/8357\/canvas\/canvas-1267159\/view"}]},{"title":"Les bibles imprim\u00e9es","start_time":2163,"image":false,"content":[{"acf_fc_layout":"image","image":"https:\/\/renaissance-transmedia-lab.fr\/rtl4\/wp-content\/uploads\/2021\/06\/10-les-bibles-imprime\u0301es.png","credit":"<p style=\"font-size: 0.6rem;\">\u00a9 Mazarinum &#8211; Biblioth\u00e8que Mazarine, Inc 2-1<\/p>\n"},{"acf_fc_layout":"title","title":"Les bibles imprim\u00e9es"},{"acf_fc_layout":"text","text":"<p>D\u00e9couvrez la num\u00e9risation de la <em>Biblia latina<\/em> de Johannes\u00a0Fust et\u00a0Peter\u00a0Sch\u00f6ffer, 1462 , sur le site de la Biblioth\u00e8que Mazarine.<\/p>\n"},{"acf_fc_layout":"button","text":"Acc\u00e9dez \u00e0 la num\u00e9risation","url":"https:\/\/mazarinum.bibliotheque-mazarine.fr\/records\/item\/1770-biblia-latina"}]},{"title":"Tours vers 1500","start_time":2173,"image":false,"content":[{"acf_fc_layout":"image","image":"https:\/\/renaissance-transmedia-lab.fr\/rtl4\/wp-content\/uploads\/2021\/06\/11-Plan-de-Tours-au-de\u0301but-du-XVIe-sie\u0300cle-Espaces-civils-et-religieux.-D.-RIVAUD.png","credit":"<p style=\"font-size: 0.6rem;\">D. Rivaud, \u00ab\u00a0Tours 1500, aspects topographiques\u00a0\u00bb, dans Art et soci\u00e9t\u00e9 \u00e0 Tours au d\u00e9but de\u00a0la\u00a0Renaissance, s.\u00a0Dir M. Boudon-Machuel et P. Charron, Brepols, 2016, p.\u00a015-28.<\/p>\n"},{"acf_fc_layout":"title","title":"Tours vers 1500"},{"acf_fc_layout":"text","text":"<p>Consultez le plan de la ville de Tours vers 1500.<\/p>\n"},{"acf_fc_layout":"button","text":"Acc\u00e9dez au plan","url":"http:\/\/renaissance-transmedia-lab.fr\/rtl4\/plan-de-tours-au-debut-du-xvie-siecle-espaces-civils-et-religieux-d-rivaud\/"}]},{"title":"Les missels","start_time":2208,"image":false,"content":[{"acf_fc_layout":"image","image":"https:\/\/renaissance-transmedia-lab.fr\/rtl4\/wp-content\/uploads\/2021\/06\/12-les-missels.png","credit":"<p style=\"font-size: 0.6rem;\"><em>Pontifical<\/em>, 1501-1600. fol. 12, Biblioth\u00e8que nationale de France. D\u00e9partement des Manuscrits. Latin\u00a010578 &#8211; Source gallica.bnf.fr \/ BnF<\/p>\n"},{"acf_fc_layout":"title","title":"Les missels"},{"acf_fc_layout":"text","text":"<p>D\u00e9couvrez la num\u00e9risation du manuscrit Pontifical sur le site de\u00a0la\u00a0Biblioth\u00e8que nationale de France.<\/p>\n"},{"acf_fc_layout":"button","text":"Acc\u00e9dez \u00e0 la num\u00e9risation","url":"https:\/\/gallica.bnf.fr\/ark:\/12148\/btv1b52500122f\/f11.planchecontact"}]},{"title":"La Loire \u00e0\u00a0la\u00a0Renaissance","start_time":2290,"image":false,"content":[{"acf_fc_layout":"image","image":"https:\/\/renaissance-transmedia-lab.fr\/rtl4\/wp-content\/uploads\/2021\/06\/13-web-se\u0301rie-Portrait-de-la-Loire-a\u0300-la-Renaissance.png","credit":"<p style=\"font-size: 0.6rem;\">\u00a9 Mission Val de Loire patrimoine mondial<\/p>\n"},{"acf_fc_layout":"title","title":"La Loire \u00e0\u00a0la\u00a0Renaissance"},{"acf_fc_layout":"text","text":"<p>Les paysages de Loire \u00e0 la Renaissance \u00e0 (re)d\u00e9couvrir dans\u00a0la\u00a0web-s\u00e9rie \u00ab\u00a0Portraits de Loire \u00e0 la Renaissance\u00a0\u00bb produite par la\u00a0Mission Val de Loire.<\/p>\n"},{"acf_fc_layout":"button","text":"Visionnez la web-s\u00e9rie","url":"https:\/\/www.valdeloire.org\/Actualites\/Articles\/Tous\/Portraits-de-Loire-a-la-Renaissance"}]},{"title":"Loire & Litt\u00e9rature","start_time":2375,"image":false,"content":[{"acf_fc_layout":"image","image":"https:\/\/renaissance-transmedia-lab.fr\/rtl4\/wp-content\/uploads\/2021\/06\/14-LOlive-J.-Du-Bellay.png","credit":"<p style=\"font-size: 0.6rem;\">\u00a9 Biblioth\u00e8que Municipale &#8211; Tours<\/p>\n"},{"acf_fc_layout":"title","title":"Loire & Litt\u00e9rature"},{"acf_fc_layout":"text","text":"<p>Parcourez l&rsquo;ouvrage de Joachim Du Bellay, <em>L&rsquo;Olive et quelques autres \u0153uvres poeticques<\/em>, sur le site des Biblioth\u00e8ques Virtuelles Humanistes.<\/p>\n"},{"acf_fc_layout":"button","text":"Acc\u00e9dez \u00e0 l'ouvrage","url":"http:\/\/www.bvh.univ-tours.fr\/Consult\/consult.asp?numtable=B372616101_Res2950&numfiche=311&mode=3&offset=10&ecran=0"}]},{"title":"Paysages urbains \u00e0\u00a0la\u00a0Renaissance","start_time":2874,"image":false,"content":[{"acf_fc_layout":"image","image":"https:\/\/renaissance-transmedia-lab.fr\/rtl4\/wp-content\/uploads\/2021\/06\/15-Okeghem-5.0-Tours.png","credit":"<p style=\"font-size: 0.6rem;\">\u00a9 REVISMARTIN<\/p>\n"},{"acf_fc_layout":"title","title":"Paysages urbains \u00e0\u00a0la\u00a0Renaissance"},{"acf_fc_layout":"text","text":"<p>Explorez la ville de Tours vers 1480 gr\u00e2ce au film d&rsquo;animation 3D <em>Okeghem 5.0<\/em> et au teaser du jeu en r\u00e9alit\u00e9 virtuelle TOURS VR, produits dans le cadre du projet de recherche ReViSMartin.<\/p>\n"},{"acf_fc_layout":"button","text":"Visionnez le film d'animation 3D","url":"http:\/\/renaissance-transmedia-lab.fr\/rtl4\/web-doc-okeghem-5-0\/"},{"acf_fc_layout":"button","text":"Acc\u00e9dez au teaser","url":"https:\/\/inwicast.univ-tours.fr\/videos\/?video=MEDIA210203121345333"}]},{"title":"Bibliographie & Glossaire","start_time":2945,"image":false,"content":[{"acf_fc_layout":"title","title":"Bibliographie & Glossaire"},{"acf_fc_layout":"text","text":"<p>T\u00e9l\u00e9chargez les ressources compl\u00e9mentaires :<\/p>\n"},{"acf_fc_layout":"button","text":"Bibliographie","url":"http:\/\/renaissance-transmedia-lab.fr\/rtl4\/wp-content\/uploads\/2021\/12\/S10-Pour-aller-plus-loin-ref.pdf"},{"acf_fc_layout":"button","text":"Glossaire","url":"http:\/\/renaissance-transmedia-lab.fr\/rtl4\/wp-content\/uploads\/2021\/12\/S10-Pour-aller-plus-loin-glossaire.pdf"}]}]}],"video_url":"https:\/\/utmedia.univ-tours.fr\/downloads\/file\/v1261be9de251nel3g3g\/?url=media_720_s9Smn7WNmK.mp4"},"_links":{"self":[{"href":"https:\/\/renaissance-transmedia-lab.fr\/rtl4\/wp-json\/wp\/v2\/pages\/2791"}],"collection":[{"href":"https:\/\/renaissance-transmedia-lab.fr\/rtl4\/wp-json\/wp\/v2\/pages"}],"about":[{"href":"https:\/\/renaissance-transmedia-lab.fr\/rtl4\/wp-json\/wp\/v2\/types\/page"}],"author":[{"embeddable":true,"href":"https:\/\/renaissance-transmedia-lab.fr\/rtl4\/wp-json\/wp\/v2\/users\/2"}],"replies":[{"embeddable":true,"href":"https:\/\/renaissance-transmedia-lab.fr\/rtl4\/wp-json\/wp\/v2\/comments?post=2791"}],"version-history":[{"count":56,"href":"https:\/\/renaissance-transmedia-lab.fr\/rtl4\/wp-json\/wp\/v2\/pages\/2791\/revisions"}],"predecessor-version":[{"id":4214,"href":"https:\/\/renaissance-transmedia-lab.fr\/rtl4\/wp-json\/wp\/v2\/pages\/2791\/revisions\/4214"}],"wp:attachment":[{"href":"https:\/\/renaissance-transmedia-lab.fr\/rtl4\/wp-json\/wp\/v2\/media?parent=2791"}],"curies":[{"name":"wp","href":"https:\/\/api.w.org\/{rel}","templated":true}]}}